Dec 02 20:02:36.285 INFO testing rocket_cors-0.4.0-rc.1 against master#8940af3cea4a9a9deabcaf843b2f8cad9a83fc61 for beta-1.31-5
Dec 02 20:02:36.285 INFO running `"docker" "create" "-v" "/mnt/big/crater/work/local/target-dirs/beta-1.31-5/worker-6/master#8940af3cea4a9a9deabcaf843b2f8cad9a83fc61:/target:rw,Z" "-v" "/mnt/big/crater/work/local/test-source/worker-6/beta-1.31-5/master#8940af3cea4a9a9deabcaf843b2f8cad9a83fc61:/source:ro,Z" "-v" "/mnt/big/crater/work/local/cargo-home:/cargo-home:ro,Z" "-v" "/mnt/big/crater/work/local/rustup-home:/rustup-home:ro,Z" "-e" "USER_ID=1000" "-e" "SOURCE_DIR=/source" "-e" "USER_ID=1000" "-e" "CMD=cargo +8940af3cea4a9a9deabcaf843b2f8cad9a83fc61-alt build --frozen" "-e" "CARGO_TARGET_DIR=/target" "-e" "CARGO_INCREMENTAL=0" "-e" "RUST_BACKTRACE=full" "-e" "RUSTFLAGS=--cap-lints=warn" "-e" "CARGO_HOME=/cargo-home" "-e" "RUSTUP_HOME=/rustup-home" "-m" "1536M" "--network" "none" "crater"`
Dec 02 20:02:36.620 INFO [stdout] 60955dd00421c373a0af20c8df4949f4499e1c53d09991842da1e834135d5268
Dec 02 20:02:36.627 INFO running `"docker" "start" "-a" "60955dd00421c373a0af20c8df4949f4499e1c53d09991842da1e834135d5268"`
Dec 02 20:02:37.500 INFO [stderr] usermod: no changes
Dec 02 20:02:37.666 INFO [stderr]    Compiling pear_codegen v0.1.2
Dec 02 20:02:37.671 INFO [stderr]    Compiling rocket_codegen v0.4.0-rc.2
Dec 02 20:02:37.671 INFO [stderr]    Compiling rocket v0.4.0-rc.2
Dec 02 20:02:37.671 INFO [stderr]    Compiling url_serde v0.2.0
Dec 02 20:02:37.671 INFO [stderr]    Compiling devise_core v0.2.0
Dec 02 20:02:37.935 INFO [stderr] error: failed to run custom build command for `rocket_codegen v0.4.0-rc.2`
Dec 02 20:02:37.935 INFO [stderr] process didn't exit successfully: `/target/debug/build/rocket_codegen-19f4059bf00998c5/build-script-build` (exit code: 101)
Dec 02 20:02:37.935 INFO [stderr] --- stderr
Dec 02 20:02:37.935 INFO [stderr] [1;31mError:[0m Rocket requires a nightly or dev version of Rust.
Dec 02 20:02:37.935 INFO [stderr] Installed version is: [33m1.31.0-beta.20 (2018-11-30)[0m. Minimum required: [33m1.32.0-nightly (2018-11-23)[0m.
Dec 02 20:02:37.935 INFO [stderr] [34mSee the getting started guide ([0mhttps://rocket.rs/v0.4/guide/getting-started/[34m) for more information.[0m
Dec 02 20:02:37.935 INFO [stderr] thread 'main' panicked at 'Aborting compilation due to incompatible compiler.', /cargo-home/registry/src/github.com-1ecc6299db9ec823/rocket_codegen-0.4.0-rc.2/build.rs:38:13
Dec 02 20:02:37.935 INFO [stderr] stack backtrace:
Dec 02 20:02:37.935 INFO [stderr]    0:     0x561a319b8f1f - std::sys::unix::backtrace::tracing::imp::unwind_backtrace::h3a8b83e1922cbdde
Dec 02 20:02:37.935 INFO [stderr]                                at libstd/sys/unix/backtrace/tracing/gcc_s.rs:49
Dec 02 20:02:37.935 INFO [stderr]    1:     0x561a319c48f7 - std::sys_common::backtrace::print::h00d3155a29b4020f
Dec 02 20:02:37.935 INFO [stderr]                                at libstd/sys_common/backtrace.rs:71
Dec 02 20:02:37.935 INFO [stderr]                                at libstd/sys_common/backtrace.rs:59
Dec 02 20:02:37.935 INFO [stderr]    2:     0x561a319bd7bf - std::panicking::default_hook::{{closure}}::hd7465c742e79e1bb
Dec 02 20:02:37.935 INFO [stderr]                                at libstd/panicking.rs:211
Dec 02 20:02:37.935 INFO [stderr]    3:     0x561a319bd524 - std::panicking::default_hook::h9e3966f2aa2a6e12
Dec 02 20:02:37.935 INFO [stderr]                                at libstd/panicking.rs:227
Dec 02 20:02:37.935 INFO [stderr]    4:     0x561a319bddee - std::panicking::rust_panic_with_hook::h587f091ae747d080
Dec 02 20:02:37.935 INFO [stderr]                                at libstd/panicking.rs:476
Dec 02 20:02:37.935 INFO [stderr]    5:     0x561a319903f3 - std::panicking::begin_panic::h22acc5c794f37cb8
Dec 02 20:02:37.935 INFO [stderr]                                at libstd/panicking.rs:410
Dec 02 20:02:37.935 INFO [stderr]    6:     0x561a3198b2c7 - build_script_build::main::hb6baa9079c6c743d
Dec 02 20:02:37.935 INFO [stderr]                                at /cargo-home/registry/src/github.com-1ecc6299db9ec823/rocket_codegen-0.4.0-rc.2/build.rs:38
Dec 02 20:02:37.935 INFO [stderr]    7:     0x561a3198dbbf - std::rt::lang_start::{{closure}}::heda06bb73a3da6a0
Dec 02 20:02:37.935 INFO [stderr]                                at libstd/rt.rs:74
Dec 02 20:02:37.935 INFO [stderr]    8:     0x561a319bd862 - std::panicking::try::do_call::h52e7f80ff0fdcc45
Dec 02 20:02:37.935 INFO [stderr]                                at libstd/rt.rs:59
Dec 02 20:02:37.935 INFO [stderr]                                at libstd/panicking.rs:310
Dec 02 20:02:37.935 INFO [stderr]    9:     0x561a319cf8a9 - __rust_maybe_catch_panic
Dec 02 20:02:37.935 INFO [stderr]                                at libpanic_unwind/lib.rs:102
Dec 02 20:02:37.935 INFO [stderr]   10:     0x561a319ad57a - std::rt::lang_start_internal::h38cae898de7f805c
Dec 02 20:02:37.935 INFO [stderr]                                at libstd/panicking.rs:289
Dec 02 20:02:37.935 INFO [stderr]                                at libstd/panic.rs:392
Dec 02 20:02:37.935 INFO [stderr]                                at libstd/rt.rs:58
Dec 02 20:02:37.935 INFO [stderr]   11:     0x561a3198db98 - std::rt::lang_start::h83084d500a2aa3e0
Dec 02 20:02:37.935 INFO [stderr]                                at libstd/rt.rs:74
Dec 02 20:02:37.935 INFO [stderr]   12:     0x561a3198c0f9 - main
Dec 02 20:02:37.935 INFO [stderr]   13:     0x7f40d098d82f - __libc_start_main
Dec 02 20:02:37.935 INFO [stderr]   14:     0x561a3198a9b8 - _start
Dec 02 20:02:37.935 INFO [stderr]   15:                0x0 - <unknown>
Dec 02 20:02:37.935 INFO [stderr] 
Dec 02 20:02:37.935 INFO [stderr] warning: build failed, waiting for other jobs to finish...
Dec 02 20:02:37.946 INFO [stderr] error: failed to run custom build command for `pear_codegen v0.1.2`
Dec 02 20:02:37.946 INFO [stderr] process didn't exit successfully: `/target/debug/build/pear_codegen-2e75d5d811e26316/build-script-build` (exit code: 101)
Dec 02 20:02:37.946 INFO [stderr] --- stderr
Dec 02 20:02:37.946 INFO [stderr] [1;31mError:[0m [37mPear requires a nightly or dev version of Rust.[0m
Dec 02 20:02:37.946 INFO [stderr] [37mInstalled version is:[0m [33m1.31.0-beta.20 (2018-11-30)[0m. [37mMinimum required:[0m [33m1.31.0-nightly (2018-10-05)[0m.
Dec 02 20:02:37.946 INFO [stderr] thread 'main' panicked at 'Aborting compilation due to incompatible compiler.', /cargo-home/registry/src/github.com-1ecc6299db9ec823/pear_codegen-0.1.2/build.rs:31:13
Dec 02 20:02:37.946 INFO [stderr] stack backtrace:
Dec 02 20:02:37.946 INFO [stderr]    0:     0x556dd434127f - std::sys::unix::backtrace::tracing::imp::unwind_backtrace::h3a8b83e1922cbdde
Dec 02 20:02:37.946 INFO [stderr]                                at libstd/sys/unix/backtrace/tracing/gcc_s.rs:49
Dec 02 20:02:37.946 INFO [stderr]    1:     0x556dd434cc57 - std::sys_common::backtrace::print::h00d3155a29b4020f
Dec 02 20:02:37.946 INFO [stderr]                                at libstd/sys_common/backtrace.rs:71
Dec 02 20:02:37.946 INFO [stderr]                                at libstd/sys_common/backtrace.rs:59
Dec 02 20:02:37.946 INFO [stderr]    2:     0x556dd4345b1f - std::panicking::default_hook::{{closure}}::hd7465c742e79e1bb
Dec 02 20:02:37.946 INFO [stderr]                                at libstd/panicking.rs:211
Dec 02 20:02:37.946 INFO [stderr]    3:     0x556dd4345884 - std::panicking::default_hook::h9e3966f2aa2a6e12
Dec 02 20:02:37.946 INFO [stderr]                                at libstd/panicking.rs:227
Dec 02 20:02:37.946 INFO [stderr]    4:     0x556dd434614e - std::panicking::rust_panic_with_hook::h587f091ae747d080
Dec 02 20:02:37.946 INFO [stderr]                                at libstd/panicking.rs:476
Dec 02 20:02:37.947 INFO [stderr]    5:     0x556dd4317cb3 - std::panicking::begin_panic::h11cdb12d4a2cbf75
Dec 02 20:02:37.947 INFO [stderr]                                at libstd/panicking.rs:410
Dec 02 20:02:37.947 INFO [stderr]    6:     0x556dd4315d78 - build_script_build::main::he900faea4d6611be
Dec 02 20:02:37.947 INFO [stderr]                                at /cargo-home/registry/src/github.com-1ecc6299db9ec823/pear_codegen-0.1.2/build.rs:31
Dec 02 20:02:37.947 INFO [stderr]    7:     0x556dd431859f - std::rt::lang_start::{{closure}}::h1698bb9fd794c876
Dec 02 20:02:37.947 INFO [stderr]                                at libstd/rt.rs:74
Dec 02 20:02:37.947 INFO [stderr]    8:     0x556dd4345bc2 - std::panicking::try::do_call::h52e7f80ff0fdcc45
Dec 02 20:02:37.947 INFO [stderr]                                at libstd/rt.rs:59
Dec 02 20:02:37.947 INFO [stderr]                                at libstd/panicking.rs:310
Dec 02 20:02:37.947 INFO [stderr]    9:     0x556dd4357c09 - __rust_maybe_catch_panic
Dec 02 20:02:37.947 INFO [stderr]                                at libpanic_unwind/lib.rs:102
Dec 02 20:02:37.947 INFO [stderr]   10:     0x556dd43358da - std::rt::lang_start_internal::h38cae898de7f805c
Dec 02 20:02:37.947 INFO [stderr]                                at libstd/panicking.rs:289
Dec 02 20:02:37.947 INFO [stderr]                                at libstd/panic.rs:392
Dec 02 20:02:37.947 INFO [stderr]                                at libstd/rt.rs:58
Dec 02 20:02:37.947 INFO [stderr]   11:     0x556dd4318578 - std::rt::lang_start::h6c3dd336e717f792
Dec 02 20:02:37.947 INFO [stderr]                                at libstd/rt.rs:74
Dec 02 20:02:37.947 INFO [stderr]   12:     0x556dd4316c49 - main
Dec 02 20:02:37.947 INFO [stderr]   13:     0x7feec575182f - __libc_start_main
Dec 02 20:02:37.947 INFO [stderr]   14:     0x556dd4315658 - _start
Dec 02 20:02:37.947 INFO [stderr]   15:                0x0 - <unknown>
Dec 02 20:02:37.947 INFO [stderr] 
Dec 02 20:02:37.947 INFO [stderr] warning: build failed, waiting for other jobs to finish...
Dec 02 20:02:38.058 INFO [stderr] error: failed to run custom build command for `rocket v0.4.0-rc.2`
Dec 02 20:02:38.058 INFO [stderr] process didn't exit successfully: `/target/debug/build/rocket-edf337c0bcb7bfb5/build-script-build` (exit code: 101)
Dec 02 20:02:38.058 INFO [stderr] --- stderr
Dec 02 20:02:38.058 INFO [stderr] [1;31mError:[0m Rocket requires a nightly or dev version of Rust.
Dec 02 20:02:38.058 INFO [stderr] Installed version is: [33m1.31.0-beta.20 (2018-11-30)[0m. Minimum required: [33m1.31.0-nightly (2018-10-05)[0m.
Dec 02 20:02:38.058 INFO [stderr] [34mSee the getting started guide ([0mhttps://rocket.rs/v0.4/guide/getting-started/[34m) for more information.[0m
Dec 02 20:02:38.058 INFO [stderr] thread 'main' panicked at 'Aborting compilation due to incompatible compiler.', /cargo-home/registry/src/github.com-1ecc6299db9ec823/rocket-0.4.0-rc.2/build.rs:38:13
Dec 02 20:02:38.058 INFO [stderr] stack backtrace:
Dec 02 20:02:38.058 INFO [stderr]    0:     0x55fc7f9aef1f - std::sys::unix::backtrace::tracing::imp::unwind_backtrace::h3a8b83e1922cbdde
Dec 02 20:02:38.058 INFO [stderr]                                at libstd/sys/unix/backtrace/tracing/gcc_s.rs:49
Dec 02 20:02:38.058 INFO [stderr]    1:     0x55fc7f9ba8f7 - std::sys_common::backtrace::print::h00d3155a29b4020f
Dec 02 20:02:38.058 INFO [stderr]                                at libstd/sys_common/backtrace.rs:71
Dec 02 20:02:38.058 INFO [stderr]                                at libstd/sys_common/backtrace.rs:59
Dec 02 20:02:38.058 INFO [stderr]    2:     0x55fc7f9b37bf - std::panicking::default_hook::{{closure}}::hd7465c742e79e1bb
Dec 02 20:02:38.058 INFO [stderr]                                at libstd/panicking.rs:211
Dec 02 20:02:38.058 INFO [stderr]    3:     0x55fc7f9b3524 - std::panicking::default_hook::h9e3966f2aa2a6e12
Dec 02 20:02:38.058 INFO [stderr]                                at libstd/panicking.rs:227
Dec 02 20:02:38.058 INFO [stderr]    4:     0x55fc7f9b3dee - std::panicking::rust_panic_with_hook::h587f091ae747d080
Dec 02 20:02:38.058 INFO [stderr]                                at libstd/panicking.rs:476
Dec 02 20:02:38.058 INFO [stderr]    5:     0x55fc7f9863f3 - std::panicking::begin_panic::h35f7ec8f7b45ce77
Dec 02 20:02:38.058 INFO [stderr]                                at libstd/panicking.rs:410
Dec 02 20:02:38.058 INFO [stderr]    6:     0x55fc7f9812c7 - build_script_build::main::heec4181cd7707ffc
Dec 02 20:02:38.058 INFO [stderr]                                at /cargo-home/registry/src/github.com-1ecc6299db9ec823/rocket-0.4.0-rc.2/build.rs:38
Dec 02 20:02:38.058 INFO [stderr]    7:     0x55fc7f983ddf - std::rt::lang_start::{{closure}}::hf1a84fd0e6e19c8e
Dec 02 20:02:38.058 INFO [stderr]                                at libstd/rt.rs:74
Dec 02 20:02:38.058 INFO [stderr]    8:     0x55fc7f9b3862 - std::panicking::try::do_call::h52e7f80ff0fdcc45
Dec 02 20:02:38.058 INFO [stderr]                                at libstd/rt.rs:59
Dec 02 20:02:38.058 INFO [stderr]                                at libstd/panicking.rs:310
Dec 02 20:02:38.058 INFO [stderr]    9:     0x55fc7f9c58a9 - __rust_maybe_catch_panic
Dec 02 20:02:38.058 INFO [stderr]                                at libpanic_unwind/lib.rs:102
Dec 02 20:02:38.059 INFO [stderr]   10:     0x55fc7f9a357a - std::rt::lang_start_internal::h38cae898de7f805c
Dec 02 20:02:38.059 INFO [stderr]                                at libstd/panicking.rs:289
Dec 02 20:02:38.059 INFO [stderr]                                at libstd/panic.rs:392
Dec 02 20:02:38.059 INFO [stderr]                                at libstd/rt.rs:58
Dec 02 20:02:38.059 INFO [stderr]   11:     0x55fc7f983db8 - std::rt::lang_start::h64e6264b040d833c
Dec 02 20:02:38.059 INFO [stderr]                                at libstd/rt.rs:74
Dec 02 20:02:38.059 INFO [stderr]   12:     0x55fc7f9820f9 - main
Dec 02 20:02:38.059 INFO [stderr]   13:     0x7f5d0eddc82f - __libc_start_main
Dec 02 20:02:38.059 INFO [stderr]   14:     0x55fc7f9809b8 - _start
Dec 02 20:02:38.059 INFO [stderr]   15:                0x0 - <unknown>
Dec 02 20:02:38.059 INFO [stderr] 
Dec 02 20:02:38.059 INFO [stderr] warning: build failed, waiting for other jobs to finish...
Dec 02 20:02:41.728 INFO [stderr] error[E0554]: #![feature] may not be used on the beta release channel
Dec 02 20:02:41.728 INFO [stderr]  --> /cargo-home/registry/src/github.com-1ecc6299db9ec823/devise_core-0.2.0/src/lib.rs:1:1
Dec 02 20:02:41.728 INFO [stderr]   |
Dec 02 20:02:41.729 INFO [stderr] 1 | #![feature(proc_macro_diagnostic, proc_macro_span)]
Dec 02 20:02:41.729 INFO [stderr]   | ^^^^^^^^^^^^^^^^^^^^^^^^^^^^^^^^^^^^^^^^^^^^^^^^^^^
Dec 02 20:02:41.729 INFO [stderr] 
Dec 02 20:02:41.729 INFO [stderr] error[E0554]: #![feature] may not be used on the beta release channel
Dec 02 20:02:41.729 INFO [stderr]  --> /cargo-home/registry/src/github.com-1ecc6299db9ec823/devise_core-0.2.0/src/lib.rs:2:1
Dec 02 20:02:41.729 INFO [stderr]   |
Dec 02 20:02:41.729 INFO [stderr] 2 | #![feature(crate_visibility_modifier)]
Dec 02 20:02:41.729 INFO [stderr]   | ^^^^^^^^^^^^^^^^^^^^^^^^^^^^^^^^^^^^^^
Dec 02 20:02:41.729 INFO [stderr] 
Dec 02 20:02:41.729 INFO [stderr] error[E0554]: #![feature] may not be used on the beta release channel
Dec 02 20:02:41.729 INFO [stderr]  --> /cargo-home/registry/src/github.com-1ecc6299db9ec823/devise_core-0.2.0/src/lib.rs:3:1
Dec 02 20:02:41.729 INFO [stderr]   |
Dec 02 20:02:41.729 INFO [stderr] 3 | #![feature(concat_idents)]
Dec 02 20:02:41.729 INFO [stderr]   | ^^^^^^^^^^^^^^^^^^^^^^^^^^
Dec 02 20:02:41.729 INFO [stderr] 
Dec 02 20:02:41.732 INFO [stderr] error: aborting due to 3 previous errors
Dec 02 20:02:41.732 INFO [stderr] 
Dec 02 20:02:41.732 INFO [stderr] For more information about this error, try `rustc --explain E0554`.
Dec 02 20:02:41.748 INFO [stderr] error: Could not compile `devise_core`.
Dec 02 20:02:41.748 INFO [stderr] 
Dec 02 20:02:41.748 INFO [stderr] To learn more, run the command again with --verbose.
Dec 02 20:02:41.750 INFO [stderr] su: No module specific data is present
Dec 02 20:02:42.580 INFO running `"docker" "inspect" "60955dd00421c373a0af20c8df4949f4499e1c53d09991842da1e834135d5268"`
Dec 02 20:02:42.880 INFO running `"docker" "rm" "-f" "60955dd00421c373a0af20c8df4949f4499e1c53d09991842da1e834135d5268"`
Dec 02 20:02:43.179 INFO [stdout] 60955dd00421c373a0af20c8df4949f4499e1c53d09991842da1e834135d5268
